is 10 + -3211?
-3201
In base 13, what is 43 + 3?
46
In base 15, what is 1bb7 + -4?
1bb3
In base 12, what is -473 - 12?
-485
In base 11, what is -16791 + 0?
-16791
In base 3, what is 2010220 - 12?
2010201
In base 9, what is 32 + -74?
-42
In base 3, what is 20210 + -11?
20122
In base 7, what is 0 - -2545?
2545
In base 12, what is -3333 + 4?
-332b
In base 10, what is -5 - -11?
6
In base 15, what is 3 + 121?
124
In base 9, what is 4 + -46?
-42
In base 8, what is 2 - 266?
-264
In base 8, what is -4 + 5?
1
In base 11, what is -4666 - 5?
-4670
In base 15, what is 5d - -1?
5e
In base 6, what is -32 + 241?
205
In base 13, what is a59 - -4?
a60
In base 8, what is -2 + 231?
227
In base 13, what is 3 - 1034?
-1031
In base 13, what is -5 + -1b5?
-1ba
In base 10, what is 36 - -267?
303
In base 14, what is -10 + 44?
34
In base 8, what is 23 - -20?
43
In base 9, what is -4 + 6251?
6246
In base 15, what is 2 - 59?
-57
In base 6, what is 0 - 3212?
-3212
In base 5, what is -1404 + -1?
-1410
In base 4, what is -2231 + 0?
-2231
In base 11, what is -24 - 3?
-27
In base 6, what is -54 - 4?
-102
In base 12, what is -a07 - -8?
-9bb
In base 3, what is 10 - -12?
22
In base 13, what is 5 + 0?
5
In base 8, what is -107 + -4?
-113
In base 2, what is -111011110 + -10?
-111100000
In base 8, what is 162 + 0?
162
In base 11, what is -180 + 5?
-176
In base 9, what is -5127 - 1?
-5128
In base 12, what is 371 - -2?
373
In base 10, what is -9 - -16?
7
In base 7, what is -2 + -110?
-112
In base 6, what is 23 + -2541?
-2514
In base 4, what is 10 - -22213?
22223
In base 16, what is 59c9 - -1?
59ca
In base 3, what is -2 + -20022002?
-20022011
In base 9, what is -3 - 320?
-323
In base 11, what is 3816 + -4?
3812
In base 5, what is 0 - -41104?
41104
In base 6, what is 3 + -2350?
-2343
In base 2, what is -11 - 1100100111?
-1100101010
In base 3, what is -122 - -100?
-22
In base 12, what is 1480 - -1?
1481
In base 6, what is 4304 + 0?
4304
In base 11, what is -346 + 2?
-344
In base 5, what is -10 + 1310?
1300
In base 6, what is 441 + 0?
441
In base 7, what is -12665 + -2?
-13000
In base 9, what is 36 - 14?
22
In base 14, what is 2 + -27c5?
-27c3
In base 5, what is 41 + 2433?
3024
In base 5, what is 13 + -10113?
-10100
In base 15, what is 3 - -101?
104
In base 10, what is 4 + -2193?
-2189
In base 11, what is -12 + -238?
-24a
In base 7, what is 156 - -10?
166
In base 9, what is 728 - -4?
733
In base 12, what is 5 + -2?
3
In base 2, what is 10111 + 110011?
1001010
In base 9, what is -2 + 185?
183
In base 8, what is 5 - -352?
357
In base 3, what is -10 + 110002?
102222
In base 12, what is 4 + 164a?
1652
In base 5, what is -22 - -1?
-21
In base 13, what is -14 + -14?
-28
In base 3, what is 2011 + 12?
2100
In base 9, what is -605 - 4?
-610
In base 11, what is 927 - -5?
931
In base 13, what is 4 + 746?
74a
In base 3, what is 10120 - -10021?
20211
In base 8, what is 530 + -4?
524
In base 11, what is a - -475?
484
In base 6, what is 3 + -34?
-31
In base 9, what is -21 - -28?
7
In base 8, what is -26 + 6?
-20
In base 9, what is 50 + 0?
50
In base 3, what is 200 + 1212?
2112
In base 3, what is 120 - 101?
12
In base 7, what is -111 + -4?
-115
In base 9, what is -3 - -11206?
11203
In base 7, what is 124 + -25?
66
In base 16, what is 4 - 4a?
-46
In base 11, what is -49 - 4?
-52
In base 7, what is -316 - -1?
-315
In base 13, what is 1bb + 13?
201
In base 12, what is 81 + 2?
83
In base 6, what is -3 - 24544?
-24551
In base 2, what is -10001111110 + -11?
-10010000001
In base 10, what is -209 + 8?
-201
In base 12, what is 1 - -38?
39
In base 15, what is c2 - -24?
e6
In base 6, what is -11 - -10415?
10404
In base 10, what is -127 - 20?
-147
In base 8, what is 2 - -605?
607
In base 10, what is -5 - -158?
153
In base 16, what is -3 - -4fe?
4fb
In base 6, what is 11235 - -13?
11252
In base 11, what is -1130 - 10?
-1140
In base 16, what is -6 + 3f3?
3ed
In base 3, what is 12 + -1002?
-220
In base 14, what is bb - -3?
c0
In base 9, what is -2 + 45?
43
In base 16, what is -f - 13a?
-149
In base 6, what is 545 - -1?
550
In base 16, what is -4a + -e5?
-12f
In base 13, what is 7b + 5?
83
In base 6, what is 121 + -2112?
-1551
In base 13, what is -1b - -5?
-16
In base 7, what is -364 - -2?
-362
In base 8, what is -4 - -330?
324
In base 4, what is -3 - -32201?
32132
In base 15, what is -4 + 0?
-4
In base 16, what is 339 + -5?
334
In base 8, what is 0 - 140?
-140
In base 15, what is -35 + b1?
7b
In base 14, what is 3 - 324?
-321
In base 6, what is -1 + 122?
121
In base 14, what is 3873 + 2?
3875
In base 14, what is -5 - 4d?
-54
In base 7, what is 513 - 12?
501
In base 9, what is -12 - 185?
-207
In base 3, what is -1010 + 2202?
1122
In base 6, what is 5 + 1202?
1211
In base 12, what is 2 - -a6?
a8
In base 10, what is -1 + -3926?
-3927
In base 12, what is 38 + 5?
41
In base 11, what is 7 + -a4?
-98
In base 15, what is 3 - -139?
13c
In base 15, what is -963 - -8?
-95a
In base 2, what is -101100100111 + 11?
-101100100100
In base 3, what is 110 - -202?
1012
In base 14, what is -141 + 0?
-141
In base 4, what is -120102 + -21?
-120123
In base 4, what is 101 - -2030?
2131
In base 9, what is -41 + 138?
87
In base 15, what is -1 - -2c?
2b
In base 5, what is 120 + 323?
443
In base 2, what is 10111101 + -10100?
10101001
In base 15, what is -61 + -10?
-71
In base 12, what is 335 - -14?
349
In base 6, what is 331 + 25?
400
In base 7, what is 362 + 0?
362
In base 12, what is 18 + 257?
273
In base 10, what is 1 - 80?
-79
In base 5, what is 4 - -1112?
1121
In base 7, what is 242 + 4?
246
In base 11, what is -4 - 4?
-8
In base 5, what is -10 + 3222?
3212
In base 9, what is -1270 + -4?
-1274
In base 4, what is -3 + -10132?
-10201
In base 15, what is -2b + -5?
-31
In base 11, what is 4 - 30?
-27
In base 11, what is 285 + -36?
24a
In base 6, what is 204 - -234?
442
In base 10, what is 5 - 2013?
-2008
In base 15, what is 67e + 5?
684
In base 14, what is -1 + -27?
-28
In base 7, what is -1 + -6421?
-6422
In base 16, what is 2 - 206?
-204
In base 16, what is d - 3?
a
In base 5, what is 224 - -114?
343
In base 12, what is 94 - 1?
93
In base 2, what is 100 + -1110110110?
-1110110010
In base 16, what is -3 - 266?
-269
In base 5, what is 14 + 30?
44
In base 14, what is 11b - 5?
116
In base 16, what is 12d - c?
121
In base 5, what is -132203 - -2?
-132201
In base 4, what is -121 + -101?
-222
In base 16, what is e - -4?
12
In base 10, what is -851 - 4?
-855
In base 3, what is -12 + -2002?
-2021
In base 8, what is 1 + -25?
-24
In base 5, what is -413 - -2?
-411
In base 8, what is 10 - -20?
30
In base 13, what is 4cc - 5?
4c7
In base 10, what is -4 + 47?
43
In base 9, what is -26 + -103?
-130
In base 10, what is 0 + -353?
-353
In base 8, what is -2 - -224?
222
In base 8, what is 20153 - -1?
20154
In base 3, what is 20021 - 21?
20000
In base 16, what is -55c + 3?
-559
In base 13, what is -2 + -14?
-16
In base 3, what is -1 + 1112?
1111
In base 16, what is -108f + -1?
-1090
In base 3, what is 100 + 1121?
1221
In base 8, what is 217 - 22?
175
In base 6, what is 0 - -12321?
12321
In base 3, what is -11022 - 22?
-11121
In base 10, what is 4 + 105?
109
In base 6, what is 0 + 53?
53
In base 10, what is 4 + 1954?
1958
In base 13, what is -25 + -8?
-30
In base 13, what is 123 + 2?
125
In base 16, what is -17 + -df?
-f6
In base 6, what is -3 + -21143?
-21150
In base 14, what is 0 - -96?
96
In base 14, what is b1 + 0?
b1
In base 13, what is -5a5 + 6?
-59c
In base 16, what is 2e22 + 5?
2e27
In base 5, what is -221 + 10?
-211
In base 10, what is -10 + 22?
12
In base 7, what is -36 + -13?
-52
In base 13, what is -2b4 - -4?
-2b0
In base 12, what is 61 - 2?
5b
In base 9, what is -8378 + 0?
-8378
In base 12, what is -99 + 9?
-90
In base 16, what is 8 - 40?
-38
In base 13, what is 5 - -9?
11
In base 15, what is -3 - -7e?
7b
In base 15, what is -6c2 + -3?
-6c5
In base 6, what is 1 + -4122?
-4121
In base 5, what is 33 + 2413?
3001
In base 3, what is 1 - 20021?
-20020
In base 15, what is 42e - -1?
430
In base 2, what is -110010 - -100?
-101110
In base 11, what is 96 + 4?
9a
In base 6, what is 504 - -2?
510
In base 13, what is -5 + -26?
-2b
In base 11, what is 9 + 5?
13
In base 14, what is -16 - b?
-23
In base 7, what is 5 - 0?
5
In base 8, what is 315 - 4?
311
In base